+ v, -y*k + 4*a + 36 = 0. What are the prime factors of k?
2
Suppose -2*o - 1173 = -n, 3*o + 2*n + 379 = -1370. Let v be (-5 + -1)*o/27. Let s = v - 75. List the prime factors of s.
5, 11
Let u = -76 - -159. Let c = 191 + u. List the prime factors of c.
2, 137
Let d(n) = n**2 - 4*n - 2. Let o be d(5). Suppose -a = -o*a - 40. What are the prime factors of (a/(-8) + -3)*-22?
11
Let j = 129 - -236. List the prime factors of j.
5, 73
Let d = -33 - -34. List the prime factors of 1 - (d - -1)*(-3 - 18).
43
Let n(m) = -m**3 + 17*m**2 + 16*m - 5. What are the prime factors of n(15)?
5, 137
Let a be (-3180)/(-16) - (-5)/20. Let p = -104 + a. List the prime factors of p.
5, 19
Suppose 3*n - 4*n + u = -43, 0 = -3*n - 2*u + 129. Suppose 3*v = 4*t - 11, -2*t - 5*v + 16 = n. List the prime factors of t + (-1 + -1 - -20).
17
What are the prime factors of 10/65 + 4 + (-43440)/(-39)?
2, 13, 43
Suppose 3536 = 50*p - 65414. List the prime factors of p.
7, 197
Let t be (-209)/3 + -3 + 2/(-6). Let v = t + 102. List the prime factors of v.
29
Suppose 0 = 4*k + x - 1130, 4*x - 14 + 6 = 0. Suppose -5*w + k = -273. What are the prime factors of w?
3, 37
Let y(f) = f**2 - f - 3. Let n(b) = b - 3*b + 5 - 6 - b**2 - 4*b. Let u be n(-2). What are the prime factors of y(u)?
3, 13
Let q = 59 - -1. Suppose 55*m - q*m = -65. What are the prime factors of m?
13
Suppose w = -4*g - 0*g + 235, 4*g + 3*w = 241. Let i = g - -43. List the prime factors of i.
101
Suppose -5*n + n + 28 = 0. Suppose -n*b + 5*b + 328 = 0. What are the prime factors of b?
2, 41
List the prime factors of 72405/117 - (-4)/26.
619
Let d = -134 + 794. What are the prime factors of d?
2, 3, 5, 11
Let o(s) = -s**3 + 26*s**2 + 27*s + 20. List the prime factors of o(24).
2, 5, 7, 13
Suppose 0 = -5*a + a + 20. Let f(g) = 33*g + 1. Let y(k) = 95*k + 4. Let q(z) = -17*f(z) + 6*y(z). What are the prime factors of q(a)?
2, 13
Let x(l) = 97*l - 111. List the prime factors of x(9).
2, 3, 127
Let t(c) = c**2 - 9*c + 253. List the prime factors of t(29).
7, 17
Let g(f) be the third derivative of -f**4/24 + 38*f**3/3 - 5*f**2. Let i be g(0). Suppose 4 = h - 2*u - 0, 4*h + 4*u = i. What are the prime factors of h?
2, 7
Suppose 5*w + 4*c - c = -959, -w - c - 193 = 0. Let g = w - -392. List the prime factors of g.
2, 101
Suppose i - 2148 = -4*y + 5*i, 4*y - 5*i - 2143 = 0. List the prime factors of y.
2, 271
Let k(u) = 88*u**2 + 2*u - 5. What are the prime factors of k(2)?
3, 13
Let y(r) be the first derivative of r**3 + 3*r**2/2 + 3*r + 4. Let u be y(3). Let f = u + -10. What are the prime factors of f?
29
Let s be ((-86)/4)/(7/(-56)). Suppose -3*o + 41 = 5*t - s, -2*o + 149 = t. What are the prime factors of o?
2, 19
Let h = -2203 - -3355. What are the prime factors of h?
2, 3
What are the prime factors of 2/(4 - 1078/273)?
3, 13
Let z = 12 + 1193. List the prime factors of z.
5, 241
What are the prime factors of (15 - 9) + 700 + (4 - 2)?
2, 3, 59
List the prime factors of 160 - (1 - 11 - -5).
3, 5, 11
Suppose 8*v + 15 = 11*v. Suppose f + 4*x - 112 = 0, -v*f + 2*f = 4*x - 336. What are the prime factors of f?
2, 7
Let k be (-2)/2 - (3 + -310). Let s = k + -113. List the prime factors of s.
193
Let c = 27 + -16. Suppose 43*w - 40*w - 39 = 0. Let i = c + w. What are the prime factors of i?
2, 3
Suppose 0 = -6*s + 9*s - 12. Suppose 6 = 5*c - s. What are the prime factors of 1 + -4*c/(-8)?
2
Let d = -3259 + 4689. Suppose -d = -f - 10*f. List the prime factors of f.
2, 5, 13
Let d(u) = -2*u + 4 - 2 + 6*u**2 + 2*u - 3*u. Let g = 6 + -4. What are the prime factors of d(g)?
2, 5
Let v = -246 - -822. What are the prime factors of v?
2, 3
Let n(v) = -38*v - 384. What are the prime factors of n(-27)?
2, 3, 107
Let r = 57 + 477. What are the prime factors of r?
2, 3, 89
List the prime factors of 17/(-34) + 5190/4.
1297
Suppose 23 = 3*m - 847. Let y = -200 + m. Let f = y + -34. What are the prime factors of f?
2, 7
Let r(u) = -19*u + 17. Suppose -41 + 2 = 3*b. Let x be r(b). Suppose 2*l = -4*l + x. What are the prime factors of l?
2, 11
Let z = 4394 + -2515. List the prime factors of z.
1879
Suppose -2*a + 3*z - 1692 = -5*a, a - 5*z - 558 = 0. What are the prime factors of a?
563
Let r(h) = h**3 + 3*h**2 + 5. Let a be r(-3). Suppose v - 90 = -a*z, 2*z + 2*v = 2 + 26. What are the prime factors of z?
19
Suppose 11689 - 497 = 4*t. List the prime factors of t.
2, 1399
Let j = 912 + -481. List the prime factors of j.
431
Let t(k) = -254*k + 229. What are the prime factors of t(-4)?
3, 5, 83
Let a be 10 + (-3)/((-3)/(-4)). Let h(j) = -j**3 + 7*j**2 + 6*j - 9. What are the prime factors of h(a)?
3, 7
Suppose 21 = -h + 60. Suppose -3*t = -4*i - 26 + 78, -3*i + 3*t + h = 0. What are the prime factors of i?
13
Let s = -9 + 30. Let q be (105/(-10) + 0)*(-2)/3. Let z = s - q. List the prime factors of z.
2, 7
Let q(f) = 9*f + 1. Let z be q(1). Suppose 0 = -k + 3*k - z. Suppose -5*t - 5*s = -35, 5*t - 5*s = 30 - k. What are the prime factors of t?
2, 3
Let m(g) = -483*g**3 + 3*g**2 + 4*g + 3. List the prime factors of m(-2).
7, 79
What are the prime factors of ((-8340)/80)/((-3)/8)?
2, 139
Let h(x) = -x**3 - 3*x**2 + 9*x + 10. Let u be h(-5). Suppose -2*j - j + u = 0. List the prime factors of j.
5
Let q(b) = b**3 - 6*b**2 - 5*b + 11. Let a be q(9). Let h = a + -62. List the prime factors of h.
3, 7
Let d = -21 + 28. Let j be 10/((-1 - 0) + 2). Let f = j - d. What are the prime factors of f?
3
Let o = -22 - -27. Suppose o*z = -0*z + 155. What are the prime factors of z?
31
Let u = -1613 - -2830. What are the prime factors of u?
1217
Let k = 28 - 26. Suppose k*o = -0*o + 22. Suppose o*u - 6*u = -4*m + 228, 2*m - 3*u = 136. What are the prime factors of m?
2, 31
Let b(t) = t**3 - t**2 - t + 1. Let d(s) = 286*s**3 - 6*s**2 - 6*s + 4. Let h(u) = 5*b(u) - d(u). What are the prime factors of h(-1)?
2, 3, 47
Let y(l) = -14*l - 7. Let o be 0 + -4 + 3 - 4. List the prime factors of y(o).
3, 7
Let r(w) = 34*w**2 - 2*w + 9. Let l(v) = 17*v**2 - v + 4. Let j(f) = 13*l(f) - 6*r(f). List the prime factors of j(-1).
2
Let c(z) = z**3 + 2*z**2 + 3*z - 1. Let m(f) = f**2 + 11*f - 4. Let v be m(-11). Let u be c(v). What are the prime factors of 100/3*u/(-30)?
2, 5
Let q(g) = -g**3 + 19*g**2 + 3*g + 9. Let d be q(19). Suppose y - 8 = 3*y, -y = 5*f - d. List the prime factors of f.
2, 7
Let m = 156 + -96. List the prime factors of m + -1 + (-13 - -10).
2, 7
Let a be 8/36 - (-210)/27. Suppose 2*i - a = -k, -4*i = k - 24 + 8. Suppose c - 1 - 18 = k. List the prime factors of c.
19
Let a(z) = -z**3 - 22. Let d be a(0). Let f be (-744)/d + (-10)/(-55). Let i = f - 12. List the prime factors of i.
2, 11
Let a(l) = -3*l**2 - l. Let s be a(-2). Let y = s - -14. Suppose -2*i - 4*m = -52, -y*i - 4*m = i - 118. List the prime factors of i.
2, 11
Let w(b) = 4*b**2 - 6*b - 12. Let v be w(11). What are the prime factors of (v/49)/((-2)/(-14))?
2, 29
Let j = 16 + -11. Suppose p = 5*m - 4*p - 410, j*m = -3*p + 378. List the prime factors of m.
2, 3, 13
Let g be (1 + 1 + -1)*1. Let b(y) = -2*y**2 + 14*y - 9. Let f be b(6). List the prime factors of f - (-3 - (g + -4)).
3
Suppose -5*j = 5*l - 320, 2*l - 34 - 94 = 4*j. What are the prime factors of l?
2
Suppose -5*a - 4*t = -45, -6*t + 10*t = -3*a + 35. Let w(v) be the third derivative of v**5/30 - v**4/4 + 7*v**3/6 + 2*v**2. List the prime factors of w(a).
3
Suppose 2*j = 13 + 5. What are the prime factors of (-9)/(j/(-50)) - 3?
47
Let j(v) = -2*v. Let d be j(-2). Suppose 0 = -0*a + d*a - 16. Suppose -3*p + i = -6*p + 32, a = 2*i. What are the prime factors of p?
2, 5
List the prime factors of (1 + 3)/(7/2730) - 5.
5, 311
Let i(y) = 8*y**2 - 37*y + 19. List the prime factors of i(9).
2, 167
Let k = 1413 - 453. List the prime factors of k.
2, 3, 5
Suppose -h + 29 = -3*c, -6*h - 5*c = -2*h - 65. Let u = 16 - h. Let o = 56 + u. What are the prime factors of o?
2, 13
Let u(q) = 11*q - 13. List the prime factors of u(13).
2, 5, 13
Suppose -9*j = 4 - 31. Suppose 438 = 2*a + 5*g, 5*a + 1057 = 10*a + j*g. What are the prime factors of a?
11, 19
Suppose -3*x + 4*x = 335. Suppose -360 = -5*w + 4*h, 5*w + 3*h - x = 2*h. What are the prime factors of w?
2, 17
Suppose -4*p + 92 = u, p + 2 = 2*p - 5*u. Let v = -14 + p. Suppose 3*r - g - 10 = 